l = -22*l + p. Is l composite?
False
Let r(k) = -575*k**3 - k**2 - 6*k - 4. Let w be r(-4). Suppose 46*u - w = 34*u. Is u a prime number?
True
Let c(b) = 15838*b**2 + 281*b + 830. Is c(-3) composite?
False
Let z be -54*((-1399)/6 - 10/20). Suppose -12*t + 15*t - 3*c = z, -2*c - 21015 = -5*t. Is t prime?
True
Suppose -4*a - 661 = 4*k - k, 5*k + 4*a + 1107 = 0. Let l = k + 113. Is (-20)/l + (-7676)/(-11) a composite number?
True
Suppose 634*j = 762*j - 296194432. Is j a composite number?
False
Let n(j) = 3*j**3 + j**2 + 3*j - 6. Let r(l) be the second derivative of -l**3/6 - l**2 + 23*l. Let k be r(-6). Is n(k) a composite number?
True
Let b = 13387 - 2474. Is b prime?
False
Is (2932448/20 - -5) + (-17)/(850/20) prime?
False
Let x(t) = 1524*t + 5. Let u be -1 - -2*(6 + -4 + -1). Is x(u) a prime number?
False
Let o(g) = 3*g**2 - 64*g + 16. Let m be o(21). Let f(h) = 309*h**2 - 11*h - 11. Is f(m) a prime number?
False
Suppose 2*s + p - 1 = 0, 5*p - 9*p = 6*s - 4. Suppose s = 22*u - 264029 + 26407. Is u composite?
True
Suppose 0 = 5*o - 3*j + 3 + 6, 2*o - 3*j = 0. Is (2710/(-6) - 2)*o a composite number?
False
Let p = 25066 + -13035. Is p a composite number?
True
Is (3091295/(-15))/(546/63 + -9) a prime number?
False
Let x(g) = -5*g - 4*g - 2 + 1433*g**2 + 6 - 1 + 12*g. Is x(-2) a composite number?
True
Let b(y) = 535*y**2 - 130. Is b(9) a prime number?
False
Suppose 0 = 7*g + 405 - 69. Let a = g - -52. Suppose -a*p - 20 = 0, 5*r = 3*p + 2 + 248. Is r a prime number?
True
Let s = 930 - 443. Let i = s - -1150. Is i prime?
True
Suppose -146*l + 23540417 = 87*l + 80*l. Is l prime?
True
Let z = -55 - -59. Suppose 0 = 4*b - z, -4*u = -0*u - 5*b + 7977. Let o = -738 - u. Is o a prime number?
False
Suppose 44 = -t + 5*t. Let u(i) = -20*i**3 - 7*i**2 - 16*i + 16. Let d(x) = 21*x**3 - 1. Let z(a) = d(a) + u(a). Is z(t) prime?
False
Let r(k) = -2*k + 18. Let j be r(14). Let u(q) = -q**3 - 10*q**2 + 2*q + 16. Let y be u(j). Let s = 153 - y. Is s composite?
False
Is ((-1709357)/91 + 0)*-7 composite?
False
Suppose -6*j + 56 - 38 = 0. Suppose 0 = 5*g - 4*k - 1573, 0 = -j*k - 0*k + 9. Is g a prime number?
True
Suppose s + 5515576 = 4*c, 0 = -5*c - 18*s + 23*s + 6894485. Is c prime?
False
Suppose -7*u - 1257495 + 4760582 = 0. Is u a composite number?
True
Let p = 1109 - 1922. Let q = -322 - p. Is q a composite number?
False
Let z(i) = -i**2 - 34*i - 144. Let g be z(-5). Is (3037 - -82)*(1 - 0)*g prime?
True
Let v be (0 - -306)/(0 - (-4)/2). Suppose 0*x = x - 2. Suppose 0 = -5*n + 20, 1013 = x*b - 2*n - v. Is b composite?
False
Let o be (-2)/(-9) - (-35266)/63. Let s = -307 - 126. Let y = o - s. Is y prime?
False
Suppose j = 3*v - 2616620, 6*j - 7*j = 4*v - 3488829. Is v composite?
True
Suppose -t = s - 94502, 4*s - 377987 = -8*t + 7*t. Is s a composite number?
True
Let a be (-76)/95 - (2 + (-116502)/15). Let b = a + -155. Is b prime?
False
Suppose 0 = -5*b - 3*z + 10105, -z - 288 = b - 2311. Is b prime?
False
Suppose 0 = -504*a + 509*a - 58035. Suppose 0*l + l + 2*s = a, -l = -4*s - 11577. Is l a composite number?
False
Suppose -5*j + 6*v + 23067 = 4*v, 4*j + v = 18451. Let r = -2980 + j. Is r a composite number?
True
Let a(b) = -5 + 4*b**2 + 4*b + 0*b + 12*b. Let u(x) = 2*x**2 + 26*x + 17. Let h be u(-12). Is a(h) prime?
True
Let l = 750 - 513. Let c = l + -466. Let t = 412 - c. Is t prime?
True
Suppose -101*g = -106*g + c + 1077597, -2*c + 646553 = 3*g. Is g prime?
False
Suppose 3*m + m + 760 = -4*u, -3*u = 2*m + 565. Let g = 77 - -7. Let j = g - u. Is j a composite number?
False
Let f = -424 - -203. Let s = f + 388. Let r = 84 + s. Is r prime?
True
Let a be -24 + (-8)/(-16)*(-1 + 1). Let j = 9 + a. Is ((-3)/j)/((-2)/(-6470)) composite?
False
Is (-52861)/(-9) + 336/(-756) a composite number?
True
Suppose 0 = o + o + 594. Let j = o + 867. Suppose 3*q - j = 3*a, 0*q + 568 = 3*q - 5*a. Is q composite?
False
Suppose -2 = -10*u + 9*u. Suppose -u*a = m - 2691, 3*m + 5660 + 1062 = 5*a. Is a composite?
True
Suppose 736833 = x + 4*k, -6152*x + 2*k = -6151*x - 736809. Is x prime?
True
Let r = 162032 + -98455. Is r a prime number?
True
Suppose -100*x - 89483027 - 25357281 = -344*x. Is x prime?
False
Let v = 64 + -62. Suppose v*j = -2*l + 16, 5*j - j = -2*l + 26. Suppose 0*t + j*o = -3*t + 5872, 0 = t - o - 1944. Is t prime?
True
Suppose 8*s - 2*x = 5*s + 637, -834 = -4*s - 5*x. Let l = -2831 - -2985. Suppose 5*o - l = y - 4*y, 4*y = -o + s. Is y a composite number?
False
Let j(o) be the second derivative of 3/2*o**2 + 0 - 1/3*o**3 + 22*o + 37/3*o**4. Is j(1) composite?
False
Suppose -5*b = -v - 79, -5*b + 0*b - 4*v = -84. Suppose 0 = 10*p - b - 24. Let t(d) = 31*d**2 - 2*d - 3. Is t(p) a composite number?
True
Suppose 4*b - 3*b = -3704. Let a = -2509 - b. Is a a composite number?
True
Let i(v) = 3319*v - 1991. Is i(40) prime?
True
Let j(v) = -v**3 - 5*v**2 + 4*v + 9. Let d be j(-6). Let h be (-9)/d - (-28196)/49. Suppose 5*o - 4090 = -3*q, 260 + h = o + 4*q. Is o a composite number?
True
Let j = -685 + 29436. Is j a prime number?
True
Suppose 0 = -530*w + 433*w + 7712567. Is w a composite number?
True
Let z(u) = -u**2 - u + 26. Let f be z(4). Let h(w) = 51*w - 19. Is h(f) a prime number?
False
Let k(f) = -f**3 + 16*f**2 - 36*f + 6. Let a be k(11). Let x = -184 + a. Is x a composite number?
False
Let m = -2288 + 4531. Is m prime?
True
Suppose -31 = 3*q + 4*w, 3*q + 2*w + 28 = -q. Let h be (52/q)/((-2)/5). Suppose -22*n = -h*n + 5164. Is n prime?
True
Suppose 0*q = 4*j + 2*q - 16, -2*q = -4*j + 16. Suppose 0 = j*g + 25 - 13. Is (g/(-9))/((-3)/(-6777)) composite?
True
Let o = 249 + -249. Suppose o = 8*k - 33*k + 225825. Is k a composite number?
True
Suppose 52*j - 50*j = 8. Suppose 5*q - 2*i - 6442 = i, j*q + 4*i = 5128. Is q prime?
False
Suppose 3*j - 2*h - 74695 = 0, 5*h = -4*j + 71124 + 28500. Is j composite?
True
Let k = -2268 + -781. Let f = k - -7368. Suppose -5*a + f = -4*o + 15382, -5533 = -2*o + a. Is o a composite number?
False
Let u(x) = -2*x - 2. Let q be u(-2). Suppose 0*b - q*b - 21 = 5*r, 5 = -r. Is (b/4)/((-1)/(-1974)) - -2 composite?
True
Let i(m) = 5*m**2 - 14*m - 2693. Is i(82) prime?
False
Let n(y) = 474*y**3 - y**2 + 2*y - 2. Let l(j) = -j**3 + 10*j**2 + 10*j + 8. Let c be l(11). Let p be (c + 1 - -1)*-1. Is n(p) a prime number?
False
Let s(w) = -6565*w - 74. Is s(-4) a composite number?
True
Let v = -22310 - -242677. Is v composite?
True
Let f(x) = -343*x**2 - 2. Let d be f(-2). Suppose 2*b - 4109 = -r, 0*r + 5*r = -3*b + 6174. Let s = b + d. Is s a composite number?
True
Let f = -24 + 23. Let j be 7 - 6 - (-4)/1 - f. Suppose 1573 = 4*r - 3*h, -2*h + j = -4*h. Is r a composite number?
True
Is 8 + 0/12 - -11343 a composite number?
False
Suppose -127*v + 1950466 = -898525. Is v composite?
False
Let l be (-2 - (-4 - 2)) + -1. Suppose -x = x + 3*b + 5, 7 = -l*x - 5*b. Is (x + 6/(-4))*-4 prime?
False
Is (-42 - -44)*(-186262)/4*-1 a composite number?
False
Let m = -45793 + 73956. Is m a prime number?
True
Suppose 5 = -z, 4*x - z = 4*z - 3027. Let q(a) = 118*a - 56. Let s be q(10). Let b = s + x. Is b prime?
False
Let a(x) = -3*x**2 - 2*x + 9. Let z be a(-5). Let r be (-2 + z/12)/(3/8496). Is (-2)/6 + r/(-30) a composite number?
True
Let d(u) = 658*u**2 + 10*u + 31. Suppose 41 = 10*z + 71. Is d(z) prime?
True
Let i = 7764 - 35688. Is i/(-16) + (2/(-1))/8 prime?
False
Let x be (-12)/3 + 2 + 4. Suppose -3021 = x*l - 3*l. Suppose -2256 = -3*o + l. Is o a prime number?
True
Let a(w) = -54710*w**3 - 25*w**2 - 27*w - 3. Is a(-1) a prime number?
True
Let b = -1498 - -3135. Is b prime?
True
Let q = 53 + -50. Let h be 8 + (-1 - q - -3). Suppose -h*b + 2*b + 445 = 0. Is b prime?
True
Let a(c) = c**2 - 9*c - 72. Let v be a(15). Is 47*((-1818)/(-162) + (-4)/v) prime?
False
Suppose 2*b + 8 = 0, 1372 = -2*q + 5*b - 8*b. Let v = 10645 + q. Is v composite?
True
Suppose 6*t + 132 = -66. Let u = -27 - t. Is (921/(-2))/((-9)/u) prime?
True
Let l(m) = -5*m - 57. Let j be l(-13). Suppose 121446 - 340766 = -j*d. Suppose 7*g = 2*g + d. Is g prime?
True
Let f(p) = -3*p**3 - 14*p**2 - 5*p + 28. Let m be f(-11). Suppose -4*b + 2*a + 4776 = 0, -62*b + 2*a - m = -64*b. Is b a prime number?
True
Let p(x) be the first derivative of 26*x**3/3 - 4*x**2 + 4*x - 28. Let q be p(6). Suppose 